+ 4. Suppose -3*f + 49 = 34. Calculate the remainder when (-17)/68 - (-145)/4 is divided by o(f).
17
Suppose -5*h = -4*b - 176 - 122, h - 5*b = 47. What is the remainder when 91 is divided by h?
29
Let a(v) = 2*v + v**2 + 0*v - v**3 + 0*v**2 + 1. Suppose 0 = 525*g - 572*g + 1222. Calculate the remainder when g is divided by a(-2).
8
Let c(q) = 4*q**2 + 8*q + 17 - 2*q**2 - 15. Let x be c(-6). Suppose 5*t + 13 = -2*p - 1, -5*t = -2*p + x. What is the remainder when p is divided by 1?
0
Suppose 0 = 52*m - 59*m + 28. Suppose m*v = -31*j + 26*j + 67, v + 4*j = 14. Calculate the remainder when v is divided by 2/5 - 23/(-5).
3
Let x(f) = f**3 + 12*f**2 - 9*f + 19. Let d = 171 - 109. Calculate the remainder when x(-10) is divided by d.
61
Let g = -10184 + 10706. What is the remainder when g is divided by 132?
126
Let g be ((-29)/4)/(3/(-12)). Let u = 37 - g. Suppose 2 = s + k + 1, -2*s = 4*k + u. Calculate the remainder when 20 is divided by s.
2
Let o = 9057 - 9008. What is the remainder when o is divided by 12?
1
Let a = -15986 + 16042. What is the remainder when 6605 is divided by a?
53
Suppose 2138 = 102*w - 78*w - 406. What is the remainder when w is divided by 47?
12
Let y = 454 + -433. Suppose 0 = -17*u + y*u - 200. Calculate the remainder when u is divided by 14.
8
Let i = 95 - 266. Let m = -143 - i. What is the remainder when 223 is divided by m?
27
Suppose -10*d + 156 = -8*d. Suppose 54 = 4*q - 5*w, -6*q + q + d = -w. Suppose 0 = -5*s + 20, -28 = -v - 5*s + q. What is the remainder when 95 is divided by v?
23
Suppose 8*d - 306 - 2 = -6*d. Calculate the remainder when 602 is divided by d.
8
Let g(r) = 4*r**2 + 289*r + 84. Calculate the remainder when 293 is divided by g(-72).
5
Suppose -13*q + 1575 = -18*q. Calculate the remainder when 248/2 + (-1 - 1) is divided by ((-24)/(-60))/((-3)/q).
38
Let c(v) = -2*v - 11. Let k = 6 - 14. Let y be c(k). Suppose -y*z + 9*z - 112 = 0. What is the remainder when z is divided by 10?
8
Let d = -4212 + 4624. What is the remainder when d is divided by 134?
10
Suppose 670*f - 7648 = 662*f. What is the remainder when f is divided by 74?
68
Let g(x) = 8*x**2 + 1197*x + 3601. Calculate the remainder when 16479 is divided by g(-3).
79
Let l = 79927 - 79822. What is the remainder when l is divided by (-1)/(1*2/(-36))?
15
Let v = -9033 - -9034. What is the remainder when 555 is divided by v?
0
Let n(y) = -2 - 36*y + 37*y - 77*y + 13. Calculate the remainder when 607 is divided by n(-1).
85
Suppose 0 = -i - 5*k + 15, -4*i = -3*k - 1 - 13. Suppose 4*h + 6 + 2 = 0, -i*v = -h - 1092. What is the remainder when v is divided by 22?
20
Calculate the remainder when 144/(72/9) - -579 is divided by 61.
48
Suppose 12*c = 20*c + 560. Let h = c - -84. Suppose 189 = h*a - 497. What is the remainder when a is divided by 14?
7
Suppose s - 12 + 3 = 0. Let y(d) be the first derivative of d**3 + 3*d**2/2 - 5*d - 31. Calculate the remainder when y(2) is divided by s.
4
Let m(i) = -i**2 - 11*i + 14. Let b be m(-12). Let c be (b - 280)*(-1)/(-2). Let y = -77 - c. What is the remainder when y is divided by 13?
10
What is the remainder when (3482 - 3483)/(((-2)/437)/(33 - -1)) is divided by 18?
13
Suppose 55 = 5*k - 100. Suppose l - 6*l + 85 = 0. What is the remainder when k is divided by l?
14
Let o = -8630 + 23972. Calculate the remainder when o is divided by 155.
152
Suppose -233*p = -261*p + 4984. What is the remainder when 199 is divided by p?
21
Let w(z) = 4*z**2 - 11*z + 14. Let r be w(9). Let f = -113 + r. Suppose -4*n + 44 = 3*o, 3*o - 45 = 3*n + 6. What is the remainder when f is divided by o?
14
Suppose 2*t = -6*f - 0*t + 1012, 2*f - 360 = 5*t. What is the remainder when (f + 6)/8*2 is divided by 12?
8
Let q(o) = o**3 + 38*o**2 + 253*o + 60. What is the remainder when q(-29) is divided by 42?
40
Let i(f) = f + 5. Let z be i(0). Suppose 1085 = -18*j + 2399. Suppose -72 = -z*x + j. Calculate the remainder when x is divided by 16.
13
Calculate the remainder when 23525/15*123/205 is divided by 41.
39
Calculate the remainder when 357 is divided by 2350/(-10)*(-30)/50.
75
Suppose 3*l = n - 319, -6*n = 3*l - 2*n + 329. Let k = l + 241. Calculate the remainder when k is divided by (-2)/(-16) + (-215)/(-8).
26
Suppose 1265 = 65*z - 1270. What is the remainder when 136 is divided by z?
19
Let z be 3468 + 9 + -1 + -2. What is the remainder when 12/(-102) - z/(-51) is divided by 22?
2
Suppose -7*d - r + 338 = -1348, 3*d - r = 734. Calculate the remainder when d is divided by 212.
30
Let g be ((-14)/(-6) - 1)*693/(-42). Let z = g + 40. What is the remainder when 39 is divided by z + 6 + (-4 - 0)?
19
Suppose -56 = -y - 26. Suppose -b + 5*n + 36 = -y, -5*b = -2*n - 330. Suppose 42 = 2*z + v, -v + 7 = -3*z + 80. Calculate the remainder when b is divided by z.
20
Let x be ((-62)/(-8))/(6/(-36))*2. Let v = x - -204. Calculate the remainder when v is divided by 14.
13
Suppose q + 32 = 5*g, -5*g + 13*q + 34 = 11*q. Suppose -g = -z + 16. What is the remainder when 54 is divided by z?
10
Let w(x) = 238*x - 19. Let y be w(1). Let b = -200 + y. Calculate the remainder when 27 is divided by b.
8
Let g = 116 + -112. What is the remainder when (1/(g/26))/(2/36) is divided by 17?
15
Let x(q) = -q**2 - 19*q - 3. Let o be x(-10). What is the remainder when 112 is divided by 1*(-16)/(-24)*o?
54
Let x(j) = 2*j**2 + 20*j - 5. Let r be x(-8). Let v(d) = -8*d - 266. Let b(g) = g**2 + 6*g - 4. What is the remainder when v(r) is divided by b(-8)?
6
Suppose t + 12*b = 13*b + 15, -3*b = -5*t + 85. Calculate the remainder when 2376 is divided by t.
16
Let h be (-2)/3 - (-9380)/(-15). Let x = h + 635. Suppose v + 1 = 2*v, 16 = q - v. Calculate the remainder when q is divided by x.
8
Let c(j) = 29*j + 2629. Calculate the remainder when 1193 is divided by c(-77).
5
Suppose 0 = -5*i - 3*c + 149, 149*i + 2*c + 35 = 150*i. Calculate the remainder when 94 is divided by i.
1
Let r(h) = 2*h**3 - 29*h**2 + 14*h - 16. What is the remainder when r(15) is divided by 43?
32
Suppose -50*a = 13840 - 17540. What is the remainder when 2969 is divided by a?
9
Let v(f) = -f**3 - f**2 + 2*f - 2. Let s(b) = -b**3 + 7*b**2 + 4*b + 29. Let w = 13 - 5. Let l be s(w). Calculate the remainder when v(l) is divided by 3.
1
Suppose 6*z + 23 = 7*z. Let o(r) = -r**3 + 24*r**2 - 27*r + 99. What is the remainder when z is divided by o(23)?
2
Suppose 174 = 6*n - 3*n. Let z(p) = -71*p + 2004. What is the remainder when n is divided by z(28)?
10
Let f = 980 - 593. What is the remainder when f is divided by 38?
7
Let k be (-1)/(-4) - 7/(-4). Let w(i) = 82*i + 88*i - 11 - 153*i + 2. Calculate the remainder when 69 is divided by w(k).
19
Let b(x) = 3*x**2 - 5*x - 12. Let a be b(5). Suppose -a - 13 = -k. Let c(y) = -3*y**3 + 3*y**2 + y - 5. What is the remainder when c(-3) is divided by k?
49
Let m(z) = 5*z**2 - 29*z - 133. What is the remainder when 829 is divided by m(12)?
112
Let q = -5702 + 5876. Let x = 25 + 21. Calculate the remainder when q is divided by x.
36
Let c(f) = -7*f + 1. Calculate the remainder when -3*(-25)/((-750)/(-260)) is divided by c(-1).
2
Suppose 0 = -649*u + 596*u + 14416. What is the remainder when u is divided by 65?
12
Suppose 2*y = 10 + 52. Suppose -2*a = 4*i - a - 87, 4*a = -4*i + 72. Suppose 211 + 42 = i*t. What is the remainder when y is divided by t?
9
Calculate the remainder when (85/(-68))/((-1)/224*1) is divided by 36.
28
Let s(p) = 1772*p**2 - 369*p + 1485. Calculate the remainder when s(4) is divided by 163.
162
Suppose -9 + 59 = k - 3*r, r = 2*k - 85. Suppose -k*v + 37*v + 76 = 0. What is the remainder when 129 is divided by v?
15
Let u be (-32)/(-12) - ((-8)/6 + 2). Let r be 290/3*3/u. Suppose r = 4*a - 2*d + 15, d + 127 = 4*a. What is the remainder when a is divided by 8?
7
Suppose -3*d = -3, -4*t = 8*d - 3*d - 105. Let b = 52 - 118. Let n = 113 + b. Calculate the remainder when n is divided by t.
22
Suppose 5*p - 209753 = -3*y + 48409, 4*y + p - 344233 = 0. Calculate the remainder when (-4)/(-22) + y/451 is divided by 12.
11
Suppose v - 563 = -562. What is the remainder when 3 is divided by v?
0
Let w(t) = 8*t**3 - 5 - 2*t**2 - 1 + 6 - 3*t - 2. Let a be w(-1). Let k = a + 42. What is the remainder when k is divided by 12?
9
Let l = -40446 - -40490. Let p = 30 